{"id":1388,"date":"2015-06-08T06:51:19","date_gmt":"2015-06-08T06:51:19","guid":{"rendered":"http:\/\/terradibargon.com\/blog\/?page_id=1388"},"modified":"2024-10-27T19:25:50","modified_gmt":"2024-10-27T19:25:50","slug":"come-raggiungerci","status":"publish","type":"page","link":"https:\/\/terradibargon.com\/blog\/come-raggiungerci\/","title":{"rendered":"Come Raggiungerci:"},"content":{"rendered":"<h3><\/h3>\n<h2 style=\"text-align: justify;\">Come raggiungere i terrazzamenti di Barg\u00f2n.<\/h2>\n<figure id=\"attachment_1477\" aria-describedby=\"caption-attachment-1477\" style=\"width: 470px\" class=\"wp-caption alignleft\"><img loading=\"lazy\" decoding=\"async\" class=\"wp-image-1477\" src=\"http:\/\/terradibargon.com\/blog\/wp-content\/uploads\/2014\/01\/FullSizeRender-1-300x225.jpg\" alt=\"Lavaccio\" width=\"470\" height=\"353\" srcset=\"https:\/\/terradibargon.com\/blog\/wp-content\/uploads\/2014\/01\/FullSizeRender-1-300x225.jpg 300w, https:\/\/terradibargon.com\/blog\/wp-content\/uploads\/2014\/01\/FullSizeRender-1-324x243.jpg 324w, https:\/\/terradibargon.com\/blog\/wp-content\/uploads\/2014\/01\/FullSizeRender-1-416x312.jpg 416w, https:\/\/terradibargon.com\/blog\/wp-content\/uploads\/2014\/01\/FullSizeRender-1.jpg 640w\" sizes=\"auto, (max-width: 470px) 100vw, 470px\" \/><figcaption id=\"caption-attachment-1477\" class=\"wp-caption-text\">Lavaccio<\/figcaption><\/figure>\n<p>Occorre salire a piedi fino allo snodo di Lavaccio, dove fermano gli autobus e dove \u00e8 situato l&#8217;Information Point, qui prendere il sentiero (dove c&#8217;\u00e8 la macchina rossa\u00a0 nella foto qui sotto) che porta alla litoranea ( la strada provinciale per raggiungere le cinque terre).<\/p>\n<p>Ad un certo punto il sentiero si biforca, se scegliete il lato sinistro, forse un poco pi\u00f9 faticoso, vedrete i terrazzamenti di Terra di Barg\u00f2n, foto sottostante.L&#8217;Azienda \u00e8 situata nel tratto di litoranea compreso fra i due punti di arrivo del sentiero che si biforca a met\u00e0 strada circa.<\/p>\n<p><span style=\"color: #ff6600;\">Se si arriva in macchina da La Spezia,<\/span> prendere l<strong>a strada provinciale 370<\/strong> procedere oltre al segnale per terra che indica la discesa per Riomaggiore fino al <strong>km 12 e 700<\/strong>\u00a0 (cio\u00e8 per 500 metri circa) praticamente di fronte si trova il cancello dell&#8217;Azienda Agricola e a destra un piccolo parcheggio con rifornimento gas per gli autobus. Per verifica, guarda il video, dopo il percorso a piedi.<\/p>\n<p><iframe loading=\"lazy\" src=\"https:\/\/player.vimeo.com\/video\/176835053\" width=\"640\" height=\"360\" frameborder=\"0\" allowfullscreen=\"allowfullscreen\"><\/iframe><\/p>\n<p><a href=\"https:\/\/vimeo.com\/176835053\">PERCORSO DA STAZIONE A TERRA DI BARGON<\/a> from <a href=\"https:\/\/vimeo.com\/user29785303\">Terra di Barg\u00f2n<\/a> on <a href=\"https:\/\/vimeo.com\">Vimeo<\/a>.<\/p>\n<h2>Come raggiungere la cantina:<\/h2>\n<p>Arrivando in treno, (la soluzione pi\u00f9 semplice).\u00a0 Dalla stazione\u00a0 si attraversa il tunnel che collega al centro di Riomaggiore e poi si prende\u00a0 via Colombo, (il corso principale di Riomaggiore).\u00a0 Si entra\u00a0 nella prima traversa a destra, in Via Gramsci,\u00a0 si passa sotto ad un\u2019arcata e si salgono una decina di gradini, quindi si svolta a destra si salgono altri gradini, si passa\u00a0 sotto un\u2019altra arcata, pochi passi pi\u00f9 avanti e\u00a0 si trova il portone della cantina.<\/p>\n<p><iframe loading=\"lazy\" src=\"https:\/\/player.vimeo.com\/video\/176835052\" width=\"640\" height=\"360\" frameborder=\"0\" allowfullscreen=\"allowfullscreen\" data-mce-fragment=\"1\"><\/iframe><\/p>\n<p><a href=\"https:\/\/vimeo.com\/176835052\">Percorso da STAZIONE a CANTINA<\/a> from <a href=\"https:\/\/vimeo.com\/user29785303\">Terra di Barg\u00f2n<\/a> on <a href=\"https:\/\/vimeo.com\">Vimeo<\/a>.<\/p>\n<p>Oppure all&#8217;uscita del tunnel prendere la rampa di scale alla destra del negozio di verdura e poi\u00a0 girare a sinistra.<\/p>\n<p>Arrivando in macchina. Vi \u00e8 un parcheggio a pagamento all\u2019arrivo a Riomaggiore, ed \u00e8 anche possibile trovare qualche posto scendendo dalla litoranea\u00a0 (SP 370) che collega La Spezia fino a Levanto. Tranne in inverno, per\u00f2, non \u00e8 facilissimo trovare parcheggio.<\/p>\n<hr \/>\n<p><img loading=\"lazy\" decoding=\"async\" class=\" wp-image-1317 size-large aligncenter\" src=\"http:\/\/terradibargon.com\/blog\/wp-content\/uploads\/2014\/01\/panoramica-Bargo\u0300n-1024x386.jpg\" alt=\"panoramica Bargo\u0300n\" width=\"1024\" height=\"386\" srcset=\"https:\/\/terradibargon.com\/blog\/wp-content\/uploads\/2014\/01\/panoramica-Bargo\u0300n-1024x386.jpg 1024w, https:\/\/terradibargon.com\/blog\/wp-content\/uploads\/2014\/01\/panoramica-Bargo\u0300n-324x122.jpg 324w, https:\/\/terradibargon.com\/blog\/wp-content\/uploads\/2014\/01\/panoramica-Bargo\u0300n-416x157.jpg 416w, https:\/\/terradibargon.com\/blog\/wp-content\/uploads\/2014\/01\/panoramica-Bargo\u0300n-300x113.jpg 300w, https:\/\/terradibargon.com\/blog\/wp-content\/uploads\/2014\/01\/panoramica-Bargo\u0300n.jpg 2026w\" sizes=\"auto, (max-width: 1024px) 100vw, 1024px\" \/><\/p>\n<p>I terrazzamenti di Barg\u00f2n<\/p>\n<h2>Mappa generale: : la cantina, lo snodo di Lavaccio, l&#8217;ingresso ai terrazzamenti di Barg\u00f2n\u00a0 venenedo da La Spezia.<\/h2>\n<p>L&#8217;entrata a Barg\u00f2n \u00e8 12 km e 700 metri da la Spezia sulla litoranea.<\/p>\n<p><img loading=\"lazy\" decoding=\"async\" class=\"alignnone wp-image-2118\" src=\"http:\/\/terradibargon.com\/blog\/wp-content\/uploads\/2013\/12\/30-286-page\/percorso-in-macchina-italiano.jpg\" alt=\"percorso in macchina italiano\" width=\"1151\" height=\"677\" srcset=\"https:\/\/terradibargon.com\/blog\/wp-content\/uploads\/2013\/12\/30-286-page\/percorso-in-macchina-italiano.jpg 1869w, https:\/\/terradibargon.com\/blog\/wp-content\/uploads\/2013\/12\/30-286-page\/percorso-in-macchina-italiano-324x191.jpg 324w, https:\/\/terradibargon.com\/blog\/wp-content\/uploads\/2013\/12\/30-286-page\/percorso-in-macchina-italiano-416x245.jpg 416w, https:\/\/terradibargon.com\/blog\/wp-content\/uploads\/2013\/12\/30-286-page\/percorso-in-macchina-italiano-300x177.jpg 300w, https:\/\/terradibargon.com\/blog\/wp-content\/uploads\/2013\/12\/30-286-page\/percorso-in-macchina-italiano-768x452.jpg 768w, https:\/\/terradibargon.com\/blog\/wp-content\/uploads\/2013\/12\/30-286-page\/percorso-in-macchina-italiano-900x530.jpg 900w\" sizes=\"auto, (max-width: 1151px) 100vw, 1151px\" \/><\/p>\n<h2>Mappa generale: : la cantina, lo snodo di Lavaccio, l&#8217;ingresso ai terrazzamenti di Barg\u00f2n\u00a0 venenedo dalla Stazione.<\/h2>\n<p><img loading=\"lazy\" decoding=\"async\" class=\"alignnone wp-image-2116\" src=\"http:\/\/terradibargon.com\/blog\/wp-content\/uploads\/2015\/06\/28-1388-page\/percorso-a-piedi-italiano.jpg\" alt=\"percorso a piedi italiano\" width=\"1160\" height=\"683\" srcset=\"https:\/\/terradibargon.com\/blog\/wp-content\/uploads\/2015\/06\/28-1388-page\/percorso-a-piedi-italiano.jpg 1869w, https:\/\/terradibargon.com\/blog\/wp-content\/uploads\/2015\/06\/28-1388-page\/percorso-a-piedi-italiano-324x191.jpg 324w, https:\/\/terradibargon.com\/blog\/wp-content\/uploads\/2015\/06\/28-1388-page\/percorso-a-piedi-italiano-416x245.jpg 416w, https:\/\/terradibargon.com\/blog\/wp-content\/uploads\/2015\/06\/28-1388-page\/percorso-a-piedi-italiano-300x177.jpg 300w, https:\/\/terradibargon.com\/blog\/wp-content\/uploads\/2015\/06\/28-1388-page\/percorso-a-piedi-italiano-768x452.jpg 768w, https:\/\/terradibargon.com\/blog\/wp-content\/uploads\/2015\/06\/28-1388-page\/percorso-a-piedi-italiano-900x530.jpg 900w\" sizes=\"auto, (max-width: 1160px) 100vw, 1160px\" \/><\/p>\n<p><img loading=\"lazy\" decoding=\"async\" class=\"alignnone wp-image-2116\" src=\"http:\/\/terradibargon.com\/blog\/wp-content\/uploads\/2015\/06\/28-1388-page\/percorso-a-piedi-italiano.jpg\" alt=\"percorso a piedi italiano\" width=\"8\" height=\"5\" srcset=\"https:\/\/terradibargon.com\/blog\/wp-content\/uploads\/2015\/06\/28-1388-page\/percorso-a-piedi-italiano.jpg 1869w, https:\/\/terradibargon.com\/blog\/wp-content\/uploads\/2015\/06\/28-1388-page\/percorso-a-piedi-italiano-324x191.jpg 324w, https:\/\/terradibargon.com\/blog\/wp-content\/uploads\/2015\/06\/28-1388-page\/percorso-a-piedi-italiano-416x245.jpg 416w, https:\/\/terradibargon.com\/blog\/wp-content\/uploads\/2015\/06\/28-1388-page\/percorso-a-piedi-italiano-300x177.jpg 300w, https:\/\/terradibargon.com\/blog\/wp-content\/uploads\/2015\/06\/28-1388-page\/percorso-a-piedi-italiano-768x452.jpg 768w, https:\/\/terradibargon.com\/blog\/wp-content\/uploads\/2015\/06\/28-1388-page\/percorso-a-piedi-italiano-900x530.jpg 900w\" sizes=\"auto, (max-width: 8px) 100vw, 8px\" \/><\/p>\n<h2>.<\/h2>\n<p>Di fronte a Barg\u00f2n<\/p>\n","protected":false},"excerpt":{"rendered":"<p>Come raggiungere i terrazzamenti di Barg\u00f2n. Occorre salire a piedi fino allo snodo di Lavaccio, dove fermano gli autobus e dove \u00e8 situato l&#8217;Information Point, qui prendere il sentiero (dove c&#8217;\u00e8 la macchina rossa\u00a0 nella foto qui sotto) che porta alla litoranea ( la strada provinciale per raggiungere le cinque terre). Ad un certo punto [&hellip;]<\/p>\n","protected":false},"author":2,"featured_media":0,"parent":0,"menu_order":0,"comment_status":"closed","ping_status":"open","template":"","meta":{"_monsterinsights_skip_tracking":false,"_monsterinsights_sitenote_active":false,"_monsterinsights_sitenote_note":"","_monsterinsights_sitenote_category":0,"footnotes":""},"class_list":["post-1388","page","type-page","status-publish","hentry"],"_links":{"self":[{"href":"https:\/\/terradibargon.com\/blog\/wp-json\/wp\/v2\/pages\/1388","targetHints":{"allow":["GET"]}}],"collection":[{"href":"https:\/\/terradibargon.com\/blog\/wp-json\/wp\/v2\/pages"}],"about":[{"href":"https:\/\/terradibargon.com\/blog\/wp-json\/wp\/v2\/types\/page"}],"author":[{"embeddable":true,"href":"https:\/\/terradibargon.com\/blog\/wp-json\/wp\/v2\/users\/2"}],"replies":[{"embeddable":true,"href":"https:\/\/terradibargon.com\/blog\/wp-json\/wp\/v2\/comments?post=1388"}],"version-history":[{"count":51,"href":"https:\/\/terradibargon.com\/blog\/wp-json\/wp\/v2\/pages\/1388\/revisions"}],"predecessor-version":[{"id":8260,"href":"https:\/\/terradibargon.com\/blog\/wp-json\/wp\/v2\/pages\/1388\/revisions\/8260"}],"wp:attachment":[{"href":"https:\/\/terradibargon.com\/blog\/wp-json\/wp\/v2\/media?parent=1388"}],"curies":[{"name":"wp","href":"https:\/\/api.w.org\/{rel}","templated":true}]}}