{"id":463,"date":"2014-01-29T18:28:23","date_gmt":"2014-01-29T18:28:23","guid":{"rendered":"http:\/\/terradibargon.com\/blog\/?page_id=463"},"modified":"2026-03-30T16:38:49","modified_gmt":"2026-03-30T16:38:49","slug":"la-cantina-a-riomaggiore","status":"publish","type":"page","link":"https:\/\/terradibargon.com\/blog\/la-cantina-a-riomaggiore\/","title":{"rendered":"Prenotare una degustazione"},"content":{"rendered":"\n<h2 class=\"wp-block-heading\">Visite in cantina con degustazione momentaneamente sospese fino a nuovo avviso per motivi personali.<\/h2>\n\n\n\n<p>Ci scusiamo per il disagio e vi ringraziamo per la comprensione.<\/p>\n\n\n\n<p><em>Apriamo la cantina solo su prenotazione tramite&nbsp; invio del modulo di richiesta di degustazione&nbsp; che troverete qui sotto. Nel modulo indicate quale opzione interessa: le due opzioni&nbsp; sono descritte in dettaglio qui di seguito.&nbsp;&nbsp;&nbsp;<\/em><\/p>\n\n\n<div class=\"wp-block-image\">\n<figure class=\"aligncenter size-full\"><img loading=\"lazy\" decoding=\"async\" width=\"1200\" height=\"528\" src=\"https:\/\/terradibargon.com\/blog\/wp-content\/uploads\/2023\/07\/01-wine-tasting-cinqueterre-BZZ_7282.jpg\" alt=\"wine tasting visit cinqueterre\" class=\"wp-image-7101\" srcset=\"https:\/\/terradibargon.com\/blog\/wp-content\/uploads\/2023\/07\/01-wine-tasting-cinqueterre-BZZ_7282.jpg 1200w, https:\/\/terradibargon.com\/blog\/wp-content\/uploads\/2023\/07\/01-wine-tasting-cinqueterre-BZZ_7282-300x132.jpg 300w, https:\/\/terradibargon.com\/blog\/wp-content\/uploads\/2023\/07\/01-wine-tasting-cinqueterre-BZZ_7282-900x396.jpg 900w, https:\/\/terradibargon.com\/blog\/wp-content\/uploads\/2023\/07\/01-wine-tasting-cinqueterre-BZZ_7282-768x338.jpg 768w, https:\/\/terradibargon.com\/blog\/wp-content\/uploads\/2023\/07\/01-wine-tasting-cinqueterre-BZZ_7282-324x143.jpg 324w, https:\/\/terradibargon.com\/blog\/wp-content\/uploads\/2023\/07\/01-wine-tasting-cinqueterre-BZZ_7282-416x183.jpg 416w\" sizes=\"auto, (max-width: 1200px) 100vw, 1200px\" \/><\/figure>\n<\/div>\n\n\n<h1 class=\"wp-block-heading\">Opzione 1: <\/h1>\n\n\n\n<h2 class=\"wp-block-heading\">Visita ai terrazzamenti a Barg\u00f2n e degustazione in cantina.<\/h2>\n\n\n\n<p><br>Una visita esperienziale delle vigne dove cresce l\u2019uva che usiamo per fare il nostro Sciacchetr\u00e0. All\u2019arrivo, accoglienza &#8211; incontro con acqua fresca e panorama. Poi Roberto vi guider\u00e0 nei terrazzamenti mostrando le attivit\u00e0 che si svolgono nel periodo della visita.<\/p>\n\n\n\n<p>Occorre raggiungere l\u2019ingresso ai terrazzamenti autonomamente, indossare calzature idonee ad un sentiero sterrato in salita. Da Lavaccio per salire occorrono circa 15\/20 minuti.&nbsp; Conclusa la visita ritorno a Riomaggiore dallo stesso sentiero, sempre in autonomia. Una piccola avventura!<\/p>\n\n\n\n<p>Questa proposta include, a seguire&nbsp; un incontro in&nbsp; cantina&nbsp; per la degustazione come descritta nell\u2019opzione 2.<br>tempo complessivo 2 ore e 30 minuti circa<\/p>\n\n\n\n<p>Per raggiungerci:\u00a0Clicca <a href=\"https:\/\/vimeo.com\/176835053\">questo link per guardare il video<\/a> e sapere come raggiungere i terrazzamenti dalla stazione di Riomaggiore. Oppure \u00a0<a rel=\"noreferrer noopener\" href=\"https:\/\/www.google.com\/maps\/place\/44%C2%B006'05.2%22N+9%C2%B045'03.6%22E\/@44.1014356,9.7504343,194m\/data=!3m1!1e3!4m14!1m7!3m6!1s0x12d4fa8971ac8b07:0x119e0fb487f86580!2s19017+Riomaggiore+SP,+Italy!3b1!8m2!3d44.0990492!4d9.7374851!3m5!1s0x0:0x0!7e2!8m2!3d44.1014359!4d9.7509934\" target=\"_blank\">clicca qui per trovare la localizzazione esatta su Google Maps\u00a0.\u00a0\u00a0\u00a0\u00a0<\/a><br><meta charset=\"utf-8\"><\/meta><\/p>\n\n\n\n<p class=\"has-text-align-left has-luminous-vivid-orange-color has-text-color\">45 \u20ac a visitatore fino a 4 visitatori,<br>Per gruppi superiori a 4 inviare la richiesta nella sezione commenti del formulario<\/p>\n\n\n\n<p class=\"has-text-align-left\">(Pagamenti solo in contanti)<\/p>\n\n\n\n<!-- Calendly link widget begin -->\n<link href=\"https:\/\/assets.calendly.com\/assets\/external\/widget.css\" rel=\"stylesheet\">\n<script src=\"https:\/\/assets.calendly.com\/assets\/external\/widget.js\" type=\"text\/javascript\" async><\/script>\n<h1><a href=\"\" onclick=\"Calendly.initPopupWidget({url: 'https:\/\/calendly.com\/terra-di-bargon\/wine-tasting-and-visit-terra-di-bargon?hide_gdpr_banner=1'});return false;\">Prenota una visita sui terrazzamenti e in Cantina<\/a><\/h1>\n<!-- Calendly link widget end -->\n\n\n<div class=\"wp-block-image\">\n<figure class=\"aligncenter size-full\"><img loading=\"lazy\" decoding=\"async\" width=\"1200\" height=\"510\" src=\"https:\/\/terradibargon.com\/blog\/wp-content\/uploads\/2023\/07\/02-wine-tasting-cinqueterre-BZZ_7289.jpg\" alt=\"visit terradibargon \" class=\"wp-image-7106\" srcset=\"https:\/\/terradibargon.com\/blog\/wp-content\/uploads\/2023\/07\/02-wine-tasting-cinqueterre-BZZ_7289.jpg 1200w, https:\/\/terradibargon.com\/blog\/wp-content\/uploads\/2023\/07\/02-wine-tasting-cinqueterre-BZZ_7289-300x128.jpg 300w, https:\/\/terradibargon.com\/blog\/wp-content\/uploads\/2023\/07\/02-wine-tasting-cinqueterre-BZZ_7289-900x383.jpg 900w, https:\/\/terradibargon.com\/blog\/wp-content\/uploads\/2023\/07\/02-wine-tasting-cinqueterre-BZZ_7289-768x326.jpg 768w, https:\/\/terradibargon.com\/blog\/wp-content\/uploads\/2023\/07\/02-wine-tasting-cinqueterre-BZZ_7289-324x138.jpg 324w, https:\/\/terradibargon.com\/blog\/wp-content\/uploads\/2023\/07\/02-wine-tasting-cinqueterre-BZZ_7289-416x177.jpg 416w\" sizes=\"auto, (max-width: 1200px) 100vw, 1200px\" \/><\/figure>\n<\/div>\n\n\n<h4 class=\"wp-block-heading\"><\/h4>\n\n\n\n<h1 class=\"wp-block-heading\">Opzione 2: <\/h1>\n\n\n\n<h2 class=\"wp-block-heading\">Visita&nbsp;in cantina con degustazione:<\/h2>\n\n\n\n<p>Si pu\u00f2 visitare la &nbsp;cantina e degustare lo Sciacchetr\u00e0 Terra di Barg\u00f2n. Durante l\u2019incontro in cantina, in via Gramsci 11 a Riomaggiore, Roberto racconta la storia di Barg\u00f2n e di come produce con i suoi fratelli questo prezioso passito.<\/p>\n\n\n\n<p>Saranno proiettati video e fotografie che raccontano&nbsp; il&nbsp; ciclo di produzione&nbsp; di questo&nbsp; vino, le domande sono benvenute. Durante la presentazione&nbsp; \u00e8 prevista&nbsp; la degustazione con vendita di Cinque Terre Sciacchetr\u00e0 doc. &nbsp;la degustazione \u00e8 accompagnata da formaggio stagionato di capra.<\/p>\n\n\n\n<p>Tempo previsto: circa 45 minuti.<\/p>\n\n\n\n<p>Clicca <a href=\"https:\/\/vimeo.com\/176835052\">questo link per vedere il video<\/a> che spiega come raggiungere la cantina dalla stazione di Riomaggiore. Oppure <a href=\"https:\/\/www.google.com\/maps\/place\/Terra+di+Barg%C3%B2n\/@44.0990998,9.7386213,131m\/data=!3m1!1e3!4m5!3m4!1s0x12d4fa890a9f9b27:0x5f2074fddae17672!8m2!3d44.0991823!4d9.7385062?shorturl=1\">clicca qui per la localizzazione<\/a> della cantina su Google Maps<\/p>\n\n\n\n<p class=\"has-text-align-center\"><\/p>\n\n\n\n<p class=\"has-text-align-left\"><span style=\"color: #ff6600;\">30 \u20ac a visitatore fino a 4 visitatori,<br>Per gruppi superiori a 4 inviare la richiesta nella sezione commenti del formulario<br><\/span><span style=\"color: #ff6600;\"><\/span><\/p>\n\n\n\n<p class=\"has-text-align-left\">(Pagamenti solo in contanti)<\/p>\n\n\n\n<!-- Calendly link widget begin -->\n<link href=\"https:\/\/assets.calendly.com\/assets\/external\/widget.css\" rel=\"stylesheet\">\n<script src=\"https:\/\/assets.calendly.com\/assets\/external\/widget.js\" type=\"text\/javascript\" async><\/script>\n<h1><a href=\"\" onclick=\"Calendly.initPopupWidget({url: 'https:\/\/calendly.com\/terra-di-bargon\/sciacchetra-wine-tasting'});return false;\">Prenota una visita in Cantina<\/a><\/h1>\n<!-- Calendly link widget end -->\n\n\n<div class=\"wp-block-image\">\n<figure class=\"aligncenter size-full\"><img loading=\"lazy\" decoding=\"async\" width=\"1200\" height=\"504\" src=\"https:\/\/terradibargon.com\/blog\/wp-content\/uploads\/2023\/07\/03-wine-tasting-cinqueterre-BZZ_7367.jpg\" alt=\"wine tasting in cantine schiacchetr\u00e0\" class=\"wp-image-7112\" srcset=\"https:\/\/terradibargon.com\/blog\/wp-content\/uploads\/2023\/07\/03-wine-tasting-cinqueterre-BZZ_7367.jpg 1200w, https:\/\/terradibargon.com\/blog\/wp-content\/uploads\/2023\/07\/03-wine-tasting-cinqueterre-BZZ_7367-300x126.jpg 300w, https:\/\/terradibargon.com\/blog\/wp-content\/uploads\/2023\/07\/03-wine-tasting-cinqueterre-BZZ_7367-900x378.jpg 900w, https:\/\/terradibargon.com\/blog\/wp-content\/uploads\/2023\/07\/03-wine-tasting-cinqueterre-BZZ_7367-768x323.jpg 768w, https:\/\/terradibargon.com\/blog\/wp-content\/uploads\/2023\/07\/03-wine-tasting-cinqueterre-BZZ_7367-324x136.jpg 324w, https:\/\/terradibargon.com\/blog\/wp-content\/uploads\/2023\/07\/03-wine-tasting-cinqueterre-BZZ_7367-416x175.jpg 416w\" sizes=\"auto, (max-width: 1200px) 100vw, 1200px\" \/><\/figure>\n<\/div>\n\n\n<p><span style=\"color: #ff9900;\">&nbsp;<\/span><\/p>\n\n\n\n<div class=\"wp-block-buttons is-horizontal is-content-justification-center is-layout-flex wp-container-core-buttons-is-layout-499968f5 wp-block-buttons-is-layout-flex\">\n<div class=\"wp-block-button\"><a class=\"wp-block-button__link has-white-color has-luminous-vivid-orange-background-color has-text-color has-background wp-element-button\" href=\"https:\/\/terradibargon.com\/blog\/come-raggiungerci\/\">Come raggiungerci<\/a><\/div>\n<\/div>\n\n\n\n<h3 class=\"wp-block-heading\"><span style=\"color: #ff6600;\"><br><\/span><\/h3>\n\n\n\n<h3 class=\"wp-block-heading\"><\/h3>\n\n\n\n<p>Puoi telefonare per eventuali dubbi:<\/p>\n\n\n\n<p><\/p>\n\n\n\n<p><strong>LA CANTINA.<\/strong><\/p>\n\n\n\n<p>Rientrato dall\u2019America dove era emigrato nel &#8217;23 a causa della filossera che aveva devastato i vigneti, a met\u00e0 anni 30 il padre di Roberto compra la cantina la <em>betiga <\/em>detta<em> della Compagnia<\/em>, dal nome della zona di Riomaggiore in cui si trova. La cantina veniva&nbsp; utilizzata per vinificare l\u2019uva, quella bianca per il vino da vendere e quella rossa per la famiglia.&nbsp; Agli inizi degli anni &#8217;50 acquista&nbsp;<em>anche la betiga<\/em> <em>della Valeita,<\/em> nome della via che porta alla cantina, in quanto da quell&#8217;avvallamento scorreva l\u2019acqua al canale, oggi coperto e diventato la via principale del paese: Via Colombo.<\/p>\n\n\n\n<p><br>Da allora le due cantine&nbsp; sono sempre state utilizzate per fare&nbsp; il vino.&nbsp; In tempi pi\u00f9 recenti <em>la betiga de<\/em><em> la Valeita<\/em> \u00e8 diventata luogo di bevute e di incontri fino a notte inoltrata per il gruppo di amici locali. Spesso sono stati coinvolti anche i primi avventurosi turisti, antesignani di uno sviluppo turistico allora impensabile, oggi quel rito continua con i visitatori curiosi, che entrano quando siamo aperti. Da un incontro di questo tipo con Anke e con Irina sono nate la traduzione in tedesco e quella in russo.<\/p>\n\n\n\n<p>La ristrutturazione della cantina ha coinvolto in rete cordiale e dinamica la progettista ed un team di operatori amici.&nbsp; Nel&nbsp; progetto di Chiara si valorizza la struttura povera in sassi, precedentemente coperta da intonaco, e la si accosta ad una ardita struttura in vetro, per poter imbottigliare in armonia con le prescrizioni di legge. Sapiente dialogo fra la memoria delle vecchie pietre con le nuove esigenze.<\/p>\n","protected":false},"excerpt":{"rendered":"<p>Visite in cantina con degustazione momentaneamente sospese fino a nuovo avviso per motivi personali. Ci scusiamo per il disagio e vi ringraziamo per la comprensione. Apriamo la cantina solo su prenotazione tramite&nbsp; invio del modulo di richiesta di degustazione&nbsp; che troverete qui sotto. Nel modulo indicate quale opzione interessa: le due opzioni&nbsp; sono descritte in [&hellip;]<\/p>\n","protected":false},"author":1,"featured_media":0,"parent":0,"menu_order":0,"comment_status":"closed","ping_status":"open","template":"","meta":{"_monsterinsights_skip_tracking":false,"_monsterinsights_sitenote_active":false,"_monsterinsights_sitenote_note":"","_monsterinsights_sitenote_category":0,"footnotes":""},"class_list":["post-463","page","type-page","status-publish","hentry"],"_links":{"self":[{"href":"https:\/\/terradibargon.com\/blog\/wp-json\/wp\/v2\/pages\/463","targetHints":{"allow":["GET"]}}],"collection":[{"href":"https:\/\/terradibargon.com\/blog\/wp-json\/wp\/v2\/pages"}],"about":[{"href":"https:\/\/terradibargon.com\/blog\/wp-json\/wp\/v2\/types\/page"}],"author":[{"embeddable":true,"href":"https:\/\/terradibargon.com\/blog\/wp-json\/wp\/v2\/users\/1"}],"replies":[{"embeddable":true,"href":"https:\/\/terradibargon.com\/blog\/wp-json\/wp\/v2\/comments?post=463"}],"version-history":[{"count":148,"href":"https:\/\/terradibargon.com\/blog\/wp-json\/wp\/v2\/pages\/463\/revisions"}],"predecessor-version":[{"id":8431,"href":"https:\/\/terradibargon.com\/blog\/wp-json\/wp\/v2\/pages\/463\/revisions\/8431"}],"wp:attachment":[{"href":"https:\/\/terradibargon.com\/blog\/wp-json\/wp\/v2\/media?parent=463"}],"curies":[{"name":"wp","href":"https:\/\/api.w.org\/{rel}","templated":true}]}}