{"id":51,"date":"2010-03-30T16:32:22","date_gmt":"2010-03-30T16:32:22","guid":{"rendered":"http:\/\/terradibargon.com\/blog\/2-lo-sciacchetra\/"},"modified":"2020-05-22T16:52:45","modified_gmt":"2020-05-22T16:52:45","slug":"2-lo-sciacchetra","status":"publish","type":"page","link":"https:\/\/terradibargon.com\/blog\/2-lo-sciacchetra\/","title":{"rendered":"Lo sciacchetr\u00e0"},"content":{"rendered":"<p>Passito antico e raro, dono prezioso che scaturisce dalla profonda conoscenza contadina del lavoro tra terra e mare.<\/p>\n<p>La memoria orale dei produttori anziani racconta che lo Sciacchetr\u00e0 veniva chiamato in famiglia Renfurs\u00e0&nbsp; a Riomaggiore Manarola e Vin Duse a Vernazza. Ogni famiglia ne produceva una modesta quantit\u00e0 che veniva usata&nbsp; per le ricorrenze importanti: nascite, matrimoni ed a Vernazza anche in occasione delle morti.&nbsp; Veniva usato come dono per \u201cringraziare ed ingraziarsi\u201d i potenti: il medico, il prete, l\u2019avvocato e per \u201cle raccomandazioni\u201d in generale.<\/p>\n<p>Bisogna considerare che ai primi del novecento arriv\u00f2, con le navi che transitavano dagli Stati Uniti,&nbsp;la filossera, un flagello per la viticultura europea. A causa dell\u2019isolamento di questi posti, arriv\u00f2 anche alle 5 terre, un poco dopo che nel resto di Europa.&nbsp;Molti emigrarono a causa della terribile miseria che ne consegu\u00ec.&nbsp;I vitigni vennero poi reimpiantati innestando la vite sul \u201cselvatico\u201d, ma una grande parte di terrazzamenti non venne mai pi\u00f9 recuperata. Il resto si perse fra gli anni 60 ed 80, anni di forte calo demografico e di emigrazione alla ricerca di migliori condizioni di vita.<\/p>\n<p>Mentre l\u2019economia locale, si fondava sulla vendita dell\u2019uva da tavola e del vino bianco, lo Sciacchetr\u00e0 non \u00e8 mai stato venduto fino a quando nel 1985 ha cominciato a farlo la Cooperativa Agricoltura. Ad un certo punto il vin dolce si \u00e8 cominciato a chiamare Sciacchetr\u00e0, resta incerta l\u2019origine del nuovo nome, molte le ipotesi, ma fra gli anziani e non solo si chiama ancora Renfurs\u00e0.<\/p>\n<p><\/p>\n\n\n<figure class=\"wp-block-gallery columns-3 is-cropped wp-block-gallery-1 is-layout-flex wp-block-gallery-is-layout-flex\"><ul class=\"blocks-gallery-grid\"><li class=\"blocks-gallery-item\"><figure><img loading=\"lazy\" decoding=\"async\" width=\"700\" height=\"465\" src=\"http:\/\/terradibargon.com\/blog\/wp-content\/uploads\/2010\/03\/color-sciacchetra7.jpg\" alt=\"color-sciacchetra7\" data-id=\"50\" data-full-url=\"http:\/\/terradibargon.com\/blog\/wp-content\/uploads\/2010\/03\/color-sciacchetra7.jpg\" data-link=\"http:\/\/terradibargon.com\/blog\/2-lo-sciacchetra\/color-sciacchetra7\/\" class=\"wp-image-50\" srcset=\"https:\/\/terradibargon.com\/blog\/wp-content\/uploads\/2010\/03\/color-sciacchetra7.jpg 700w, https:\/\/terradibargon.com\/blog\/wp-content\/uploads\/2010\/03\/color-sciacchetra7-324x215.jpg 324w, https:\/\/terradibargon.com\/blog\/wp-content\/uploads\/2010\/03\/color-sciacchetra7-416x276.jpg 416w, https:\/\/terradibargon.com\/blog\/wp-content\/uploads\/2010\/03\/color-sciacchetra7-300x199.jpg 300w\" sizes=\"auto, (max-width: 700px) 100vw, 700px\" \/><\/figure><\/li><li class=\"blocks-gallery-item\"><figure><img loading=\"lazy\" decoding=\"async\" width=\"700\" height=\"465\" src=\"http:\/\/terradibargon.com\/blog\/wp-content\/uploads\/2010\/03\/color-sciacchetra6.jpg\" alt=\"color-sciacchetra6\" data-id=\"49\" data-full-url=\"http:\/\/terradibargon.com\/blog\/wp-content\/uploads\/2010\/03\/color-sciacchetra6.jpg\" data-link=\"http:\/\/terradibargon.com\/blog\/2-lo-sciacchetra\/color-sciacchetra6\/\" class=\"wp-image-49\" srcset=\"https:\/\/terradibargon.com\/blog\/wp-content\/uploads\/2010\/03\/color-sciacchetra6.jpg 700w, https:\/\/terradibargon.com\/blog\/wp-content\/uploads\/2010\/03\/color-sciacchetra6-324x215.jpg 324w, https:\/\/terradibargon.com\/blog\/wp-content\/uploads\/2010\/03\/color-sciacchetra6-416x276.jpg 416w, https:\/\/terradibargon.com\/blog\/wp-content\/uploads\/2010\/03\/color-sciacchetra6-300x199.jpg 300w\" sizes=\"auto, (max-width: 700px) 100vw, 700px\" \/><\/figure><\/li><li class=\"blocks-gallery-item\"><figure><img loading=\"lazy\" decoding=\"async\" width=\"700\" height=\"465\" src=\"http:\/\/terradibargon.com\/blog\/wp-content\/uploads\/2010\/03\/color-sciacchetra5.jpg\" alt=\"color-sciacchetra5\" data-id=\"48\" data-full-url=\"http:\/\/terradibargon.com\/blog\/wp-content\/uploads\/2010\/03\/color-sciacchetra5.jpg\" data-link=\"http:\/\/terradibargon.com\/blog\/2-lo-sciacchetra\/color-sciacchetra5\/\" class=\"wp-image-48\" srcset=\"https:\/\/terradibargon.com\/blog\/wp-content\/uploads\/2010\/03\/color-sciacchetra5.jpg 700w, https:\/\/terradibargon.com\/blog\/wp-content\/uploads\/2010\/03\/color-sciacchetra5-324x215.jpg 324w, https:\/\/terradibargon.com\/blog\/wp-content\/uploads\/2010\/03\/color-sciacchetra5-416x276.jpg 416w, https:\/\/terradibargon.com\/blog\/wp-content\/uploads\/2010\/03\/color-sciacchetra5-300x199.jpg 300w\" sizes=\"auto, (max-width: 700px) 100vw, 700px\" \/><\/figure><\/li><li class=\"blocks-gallery-item\"><figure><img loading=\"lazy\" decoding=\"async\" width=\"700\" height=\"465\" src=\"http:\/\/terradibargon.com\/blog\/wp-content\/uploads\/2010\/03\/color-sciacchetra4.jpg\" alt=\"color-sciacchetra4\" data-id=\"47\" data-full-url=\"http:\/\/terradibargon.com\/blog\/wp-content\/uploads\/2010\/03\/color-sciacchetra4.jpg\" data-link=\"http:\/\/terradibargon.com\/blog\/2-lo-sciacchetra\/color-sciacchetra4\/\" class=\"wp-image-47\" srcset=\"https:\/\/terradibargon.com\/blog\/wp-content\/uploads\/2010\/03\/color-sciacchetra4.jpg 700w, https:\/\/terradibargon.com\/blog\/wp-content\/uploads\/2010\/03\/color-sciacchetra4-324x215.jpg 324w, https:\/\/terradibargon.com\/blog\/wp-content\/uploads\/2010\/03\/color-sciacchetra4-416x276.jpg 416w, https:\/\/terradibargon.com\/blog\/wp-content\/uploads\/2010\/03\/color-sciacchetra4-300x199.jpg 300w\" sizes=\"auto, (max-width: 700px) 100vw, 700px\" \/><\/figure><\/li><li class=\"blocks-gallery-item\"><figure><img loading=\"lazy\" decoding=\"async\" width=\"700\" height=\"465\" src=\"http:\/\/terradibargon.com\/blog\/wp-content\/uploads\/2010\/03\/color-sciacchetra3.jpg\" alt=\"color-sciacchetra3\" data-id=\"46\" data-full-url=\"http:\/\/terradibargon.com\/blog\/wp-content\/uploads\/2010\/03\/color-sciacchetra3.jpg\" data-link=\"http:\/\/terradibargon.com\/blog\/2-lo-sciacchetra\/color-sciacchetra3\/\" class=\"wp-image-46\" srcset=\"https:\/\/terradibargon.com\/blog\/wp-content\/uploads\/2010\/03\/color-sciacchetra3.jpg 700w, https:\/\/terradibargon.com\/blog\/wp-content\/uploads\/2010\/03\/color-sciacchetra3-324x215.jpg 324w, https:\/\/terradibargon.com\/blog\/wp-content\/uploads\/2010\/03\/color-sciacchetra3-416x276.jpg 416w, https:\/\/terradibargon.com\/blog\/wp-content\/uploads\/2010\/03\/color-sciacchetra3-300x199.jpg 300w\" sizes=\"auto, (max-width: 700px) 100vw, 700px\" \/><\/figure><\/li><li class=\"blocks-gallery-item\"><figure><img loading=\"lazy\" decoding=\"async\" width=\"700\" height=\"465\" src=\"http:\/\/terradibargon.com\/blog\/wp-content\/uploads\/2010\/03\/color-sciacchetra1.jpg\" alt=\"color-sciacchetra1\" data-id=\"45\" data-full-url=\"http:\/\/terradibargon.com\/blog\/wp-content\/uploads\/2010\/03\/color-sciacchetra1.jpg\" data-link=\"http:\/\/terradibargon.com\/blog\/2-lo-sciacchetra\/color-sciacchetra1\/\" class=\"wp-image-45\" srcset=\"https:\/\/terradibargon.com\/blog\/wp-content\/uploads\/2010\/03\/color-sciacchetra1.jpg 700w, https:\/\/terradibargon.com\/blog\/wp-content\/uploads\/2010\/03\/color-sciacchetra1-324x215.jpg 324w, https:\/\/terradibargon.com\/blog\/wp-content\/uploads\/2010\/03\/color-sciacchetra1-416x276.jpg 416w, https:\/\/terradibargon.com\/blog\/wp-content\/uploads\/2010\/03\/color-sciacchetra1-300x199.jpg 300w\" sizes=\"auto, (max-width: 700px) 100vw, 700px\" \/><\/figure><\/li><\/ul><\/figure>\n\n\n\n<div class=\"wp-block-buttons aligncenter is-layout-flex wp-block-buttons-is-layout-flex\">\n<div class=\"wp-block-button is-style-fill\"><a class=\"wp-block-button__link has-text-color has-very-light-gray-color has-background has-luminous-vivid-orange-background-color\" href=\"http:\/\/terradibargon.com\/blog\/shop\/\" style=\"border-radius:50px\">Visita il Negozio<\/a><\/div>\n<\/div>\n\n\n\n<hr class=\"wp-block-separator\"\/>\n\n\n\n<h1 class=\"wp-block-heading\">Il ciclo di produzione dello Sciacchetr\u00e0<\/h1>\n\n\n\n<div class=\"wp-block-image\"><figure class=\"alignright\"><img loading=\"lazy\" decoding=\"async\" width=\"286\" height=\"400\" src=\"http:\/\/terradibargon.com\/blog\/wp-content\/uploads\/2010\/03\/storica.jpg\" alt=\"terrazzamenti sciacchetr\u00e0\" class=\"wp-image-52\" title=\"Manutenzione dei muretti a Barg\u00f2n\" srcset=\"https:\/\/terradibargon.com\/blog\/wp-content\/uploads\/2010\/03\/storica.jpg 286w, https:\/\/terradibargon.com\/blog\/wp-content\/uploads\/2010\/03\/storica-214x300.jpg 214w\" sizes=\"auto, (max-width: 286px) 100vw, 286px\" \/><\/figure><\/div>\n\n\n\n<p>In un territorio in cui la poca terra coltivabile \u00e8 stata spesso&nbsp; portata a braccia dagli uomini e dalle donne del luogo per costruire i <em>ci\u00e0n<\/em> \u2013 terrazzamenti in dialetto locale \u2013 la scansione ed i ritmi delle attivit\u00e0 di produzione dello <em>Sciacchetr\u00e0<\/em> sono rigidamente dettati dai \u201ctempi della natura\u201d mutevoli ed imprevedibili durante tutto il calendario annuale. Da sempre infatti, la profonda conoscenza contadina, antico dialogo, di tipo adattivo tra uomo e natura, ha prodotto un \u201csaper fare\u201d che si \u00e8 trasmesso e sedimentato nel tempo ed&nbsp; ha fondato una cultura ed una tradizione che ancor vive.<\/p>\n\n\n\n<p>Per le caratteristiche del territorio l\u2019unico intervento strutturale possibile \u00e8 stata la monorotaia introdotta nel 1980 dalla Cooperativa Agricoltura che ha alleggerito la faticosa raccolta dell\u2019uva. La monorotaia &nbsp;si snoda per sedici kilometri in pendii scoscesi e mozzafiato; permette di caricarvi le ceste colme di grappoli che in alcuni tratti vengono tuttora portate \u201cin collo\u201d da Roberto e dai suoi fratelli. Un efficiente sollievo visto che da ragazzi arrivavano a caricarsi sulle spalle fino a 40 Kg ciascuno, per tutto il percorso.<\/p>\n\n\n\n<p>Il ritmo delle attivit\u00e0 \u00e8 scandito dalle stagioni: la vendemmia ha inizio in <a href=\"http:\/\/terradibargon.com\/blog\/autunno\/\">autunno<\/a> quando l\u2019uva \u00e8 maturata perfettamente in un delicato rapporto fra sole e pioggia. Subito stesa, sar\u00e0 raccolta solo quando passita al punto giusto, decisivi ancora i rapporti temporali fra pioggia, sole e tipo di vento: tramontana o scirocco. In cantina, Roberto non aggiunge lieviti, sono quindi i tempi spontanei di fermentazione e trasformazione degli zuccheri in gradazione alcolica che determinano le fasi di vinificazione. In <a href=\"http:\/\/terradibargon.com\/blog\/inverno\/\">inverno<\/a> la potatura pu\u00f2 iniziare solo quando le piante di vite hanno perso le foglie, la loro caduta dipende ancora una volta dal \u201cdal tempo che fa\u201d. La fatica del coltivare piccoli appezzamenti strappati nei secoli ai ripidi pendii di questa terra \u201cscheletrica\u201d&nbsp; richiede, fra l\u2019altro, una costante manutenzione dei muretti a secco che modellano e contengono il terreno tutelandone da secoli l\u2019equilibrio idrogelogico. In <a href=\"http:\/\/terradibargon.com\/blog\/primavera\/\">primavera<\/a> ed in <a href=\"http:\/\/terradibargon.com\/blog\/estate\/\">estate<\/a> le attivit\u00e0 prevalenti sono di controllo cura e protezione della vigna per favorire un buon andamento della maturazione dell\u2019uva.<\/p>\n\n\n\n<div class=\"wp-block-buttons aligncenter is-layout-flex wp-block-buttons-is-layout-flex\">\n<div class=\"wp-block-button is-style-fill\"><a class=\"wp-block-button__link has-text-color has-very-light-gray-color has-background has-luminous-vivid-orange-background-color\" href=\"http:\/\/terradibargon.com\/blog\/autunno\/\">Autunno<\/a><\/div>\n\n\n\n<div class=\"wp-block-button\"><a class=\"wp-block-button__link has-text-color has-very-light-gray-color has-background has-luminous-vivid-orange-background-color\" href=\"http:\/\/terradibargon.com\/blog\/inverno\/\">Inverno<\/a><\/div>\n\n\n\n<div class=\"wp-block-button\"><a class=\"wp-block-button__link has-text-color has-very-light-gray-color has-background has-luminous-vivid-orange-background-color\" href=\"http:\/\/terradibargon.com\/blog\/primavera\/\">Primavera<\/a><\/div>\n\n\n\n<div class=\"wp-block-button\"><a class=\"wp-block-button__link has-text-color has-very-light-gray-color has-background has-luminous-vivid-orange-background-color\" href=\"http:\/\/terradibargon.com\/blog\/estate\/\">Estate<\/a><\/div>\n<\/div>\n\n\n\n<p><\/p>\n","protected":false},"excerpt":{"rendered":"<p>Passito antico e raro, dono prezioso che scaturisce dalla profonda conoscenza contadina del lavoro tra terra e mare. La memoria orale dei produttori anziani racconta che lo Sciacchetr\u00e0 veniva chiamato in famiglia Renfurs\u00e0&nbsp; a Riomaggiore Manarola e Vin Duse a Vernazza. Ogni famiglia ne produceva una modesta quantit\u00e0 che veniva usata&nbsp; per le ricorrenze importanti: [&hellip;]<\/p>\n","protected":false},"author":1,"featured_media":0,"parent":0,"menu_order":3,"comment_status":"closed","ping_status":"closed","template":"","meta":{"_monsterinsights_skip_tracking":false,"_monsterinsights_sitenote_active":false,"_monsterinsights_sitenote_note":"","_monsterinsights_sitenote_category":0,"footnotes":""},"class_list":["post-51","page","type-page","status-publish","hentry"],"_links":{"self":[{"href":"https:\/\/terradibargon.com\/blog\/wp-json\/wp\/v2\/pages\/51","targetHints":{"allow":["GET"]}}],"collection":[{"href":"https:\/\/terradibargon.com\/blog\/wp-json\/wp\/v2\/pages"}],"about":[{"href":"https:\/\/terradibargon.com\/blog\/wp-json\/wp\/v2\/types\/page"}],"author":[{"embeddable":true,"href":"https:\/\/terradibargon.com\/blog\/wp-json\/wp\/v2\/users\/1"}],"replies":[{"embeddable":true,"href":"https:\/\/terradibargon.com\/blog\/wp-json\/wp\/v2\/comments?post=51"}],"version-history":[{"count":9,"href":"https:\/\/terradibargon.com\/blog\/wp-json\/wp\/v2\/pages\/51\/revisions"}],"predecessor-version":[{"id":2373,"href":"https:\/\/terradibargon.com\/blog\/wp-json\/wp\/v2\/pages\/51\/revisions\/2373"}],"wp:attachment":[{"href":"https:\/\/terradibargon.com\/blog\/wp-json\/wp\/v2\/media?parent=51"}],"curies":[{"name":"wp","href":"https:\/\/api.w.org\/{rel}","templated":true}]}}