{"id":8427,"date":"2025-11-22T11:38:11","date_gmt":"2025-11-22T11:38:11","guid":{"rendered":"https:\/\/terradibargon.com\/blog\/?post_type=product&#038;p=8427"},"modified":"2026-03-30T16:40:04","modified_gmt":"2026-03-30T16:40:04","slug":"una-bottiglia-di-sciacchetra-doc-annata-2023","status":"publish","type":"product","link":"https:\/\/terradibargon.com\/blog\/prodotto\/una-bottiglia-di-sciacchetra-doc-annata-2023\/","title":{"rendered":"Una bottiglia di Sciacchetr\u00e0 Doc Annata 2023"},"content":{"rendered":"<p><strong>Tipologia vino:<\/strong> passito Doc &#8211;<br \/>\n<strong>Alcohol<\/strong> 14.5% vol<br \/>\n<strong>Uve<\/strong> Bosco 60%, Vermentino 30%, Albarola 10%<br \/>\n<strong>Bottiglie<\/strong> 375 ml, n. 1416<br \/>\n<strong>Caratteristiche<\/strong><br \/>\nSplendido giallo ambrato dai luminosi riflessi dorati. All\u2019olfatto emergono sentori di cedro candito, miele di erica e piacevolissime note di erbe aromatiche delle Cinque Terre. Al gusto \u00e8 dolce e persistente, caratterizzato da un\u2019elevata struttura e da una piacevolissima freschezza agrumata per un finale sapido e interminabile.<br \/>\nDi ottima piacevolezza gi\u00e0 in questa giovane et\u00e0, questo Sciacchetr\u00e0 2022, per la sua particolare concentrazione, lascia presagire una grande e complessa evoluzione durante l\u2019invecchiamento.<br \/>\nClassico con pandolce genovese, molto piacevole con biscotti al burro di pregiata pasticceria, particolare con formaggi piccanti e perfetto nel calice in buona compagnia.<br \/>\nConsumare a temperatura di 16\u00b0 C.<\/p>\n<p>ha ricevuto il riconoscimento\u00a0<em>Vitae Quattro Tralci<\/em> dell\u2019Associazione italiana Sommelier nel 2016 e nel 2017 e 2018<\/p>\n<p><em>imbottigliato all&#8217;origine da:<\/em><br \/>\n<em>A.A. Terra di Barg\u00f3n di <\/em><br \/>\n<em>Roberto Bonfiglio <\/em><br \/>\nDenominazione di Origine Controllata<br \/>\n<em>Riomaggiore &#8211; Italia<\/em><br \/>\n<em>prodotto in Italia<\/em><br \/>\n<em>contiene solfiti &#8211; contains sulphites<\/em><\/p>\n<p><em>Spedizione in condizioni ottimali con apposita cantinetta.<\/em><\/p>\n<p><em>*Dal 2020 le bottiglie trasparenti non vengono pi\u00f9 prodotte, sono quindi state sostituite da una bottiglia equivalente con il vetro scuro.<\/em><\/p>\n","protected":false},"excerpt":{"rendered":"<p>Lo Sciacchetr\u00e0 Cinqueterre DOC annata 2022: una bottiglia da 375ml.\u00a0 &#8220;Terra di Barg\u00f2n&#8221; \u00e8 l\u2019unico Cinque Terre Sciacchetr\u00e0 doc che ha ricevuto il riconoscimento <em>Vitae Quattro Tralci<\/em> dell\u2019Associazione italiana Sommelier nel 2016 e nel 2017.<\/p>\n<p>&nbsp;<\/p>\n","protected":false},"featured_media":5142,"comment_status":"closed","ping_status":"closed","template":"","meta":{"_monsterinsights_skip_tracking":false,"_monsterinsights_sitenote_active":false,"_monsterinsights_sitenote_note":"","_monsterinsights_sitenote_category":0},"product_brand":[],"product_cat":[126],"product_tag":[],"class_list":{"0":"post-8427","1":"product","2":"type-product","3":"status-publish","4":"has-post-thumbnail","6":"product_cat-sciacchetra","8":"first","9":"outofstock","10":"shipping-taxable","11":"purchasable","12":"product-type-simple"},"_links":{"self":[{"href":"https:\/\/terradibargon.com\/blog\/wp-json\/wp\/v2\/product\/8427","targetHints":{"allow":["GET"]}}],"collection":[{"href":"https:\/\/terradibargon.com\/blog\/wp-json\/wp\/v2\/product"}],"about":[{"href":"https:\/\/terradibargon.com\/blog\/wp-json\/wp\/v2\/types\/product"}],"replies":[{"embeddable":true,"href":"https:\/\/terradibargon.com\/blog\/wp-json\/wp\/v2\/comments?post=8427"}],"wp:featuredmedia":[{"embeddable":true,"href":"https:\/\/terradibargon.com\/blog\/wp-json\/wp\/v2\/media\/5142"}],"wp:attachment":[{"href":"https:\/\/terradibargon.com\/blog\/wp-json\/wp\/v2\/media?parent=8427"}],"wp:term":[{"taxonomy":"product_brand","embeddable":true,"href":"https:\/\/terradibargon.com\/blog\/wp-json\/wp\/v2\/product_brand?post=8427"},{"taxonomy":"product_cat","embeddable":true,"href":"https:\/\/terradibargon.com\/blog\/wp-json\/wp\/v2\/product_cat?post=8427"},{"taxonomy":"product_tag","embeddable":true,"href":"https:\/\/terradibargon.com\/blog\/wp-json\/wp\/v2\/product_tag?post=8427"}],"curies":[{"name":"wp","href":"https:\/\/api.w.org\/{rel}","templated":true}]}}